d s.
15
Let s(i) = -40*i - 14. Let q be (-8)/64 + 7/(-8). Let w be s(q). Calculate the highest common divisor of w and 208.
26
Let d be (1841/(-526))/(1/(-62)). Calculate the highest common factor of d and 2263.
31
Let m(z) = z**3 + 20*z**2 + 18*z + 25. Let d be 24/56 - 136/7. Let f be m(d). Calculate the greatest common divisor of f and 12.
4
Suppose -4*t + 84240 = 8*t. Suppose 38*w - t = -7*w. What is the greatest common factor of 52 and w?
52
Let p = 932 + -535. Let h = p - 320. What is the highest common factor of h and 22?
11
Let y be (-10)/(-6) + (-29890)/(-147). Let q be 1/4 + (-654)/(-8). Calculate the highest common factor of y and q.
41
Let y(v) = v**3 + 17*v**2 - 4*v + 4. Let j be y(-17). What is the greatest common divisor of j and 936?
72
Let z(h) = 10*h**2 + 20*h + 58. Let n(d) = -13*d**2 - 21*d - 58. Let f(r) = -3*n(r) - 4*z(r). Let t be f(-12). Calculate the highest common divisor of 43 and t.
1
Suppose -21*m - 1009 + 1765 = 0. What is the greatest common divisor of m and 960?
12
Let b = -14639 - -14681. Calculate the greatest common divisor of 1974 and b.
42
Suppose -2*u + u = 30. Let i = -28 - u. Suppose -i*y = -0*y - 54. Calculate the greatest common divisor of y and 18.
9
Let y(a) = 2*a**3 + 13*a**2 - 45*a + 2. Let m be y(16). Calculate the greatest common divisor of m and 22.
22
Suppose -18*c + 252820 = 166*c + 46740. Calculate the greatest common factor of 140 and c.
140
Let v(u) = 53*u - 164. Let p be (-45)/(-15) - (-6)/2. Let o be v(p). What is the highest common factor of 14 and o?
14
Let a(l) = 8*l**2 - 51*l - 1. Let d(w) = 16*w**2 - 104*w - 1. Let j(z) = -13*a(z) + 6*d(z). Let s be j(4). Calculate the highest common factor of 28 and s.
7
Suppose 5*u - 4*h - 410 = 197, 5*h - 502 = -4*u. Calculate the greatest common factor of u and 45.
3
Let s be (-3)/9 - (-106)/3. Let h = s + -39. Let b be 19 - ((-8)/(-2))/h. What is the greatest common factor of 140 and b?
20
Suppose 8*k - 4944 = -301*k. Calculate the highest common factor of 196 and k.
4
Let m(o) be the first derivative of o**3/3 + 71*o + 29. Let w be m(17). Calculate the greatest common factor of w and 45.
45
Let v(a) = 23*a**2 + 6*a + 16. Let o be v(-3). Let q = o + -166. What is the greatest common divisor of 273 and q?
39
Let m be ((-21)/9)/(-7)*6. Suppose -2*x - 5*g = 2*x - 372, 0 = -5*x - m*g + 448. Suppose -4*a - 110 = -9*a. What is the greatest common divisor of a and x?
22
Suppose 8*l + 3377 = 657. Let w = 703 + l. Calculate the greatest common factor of w and 33.
33
Suppose -18 = -2*u - 5*m, 4*u - 4 - 2 = 5*m. Suppose -30 = -u*a + 294. Suppose 0 = -5*w + a + 49. Calculate the highest common factor of 104 and w.
26
Let q(v) be the second derivative of v**4/12 - 7*v**3/6 - 149*v**2/2 + 14*v - 5. Let w be q(18). Calculate the highest common factor of w and 14.
7
Suppose 3*a = 5*i + 432, 4*a + 12*i - 576 = 14*i. Calculate the greatest common divisor of 45 and a.
9
Let x(t) = t**2 - t - 108. Let c be x(15). What is the greatest common factor of 36822 and c?
102
Suppose -53*a - 2702 = 6149. Let h = 271 + a. What is the greatest common factor of 91 and h?
13
Suppose 144*u = -83*u - 15*u + 15730. Let q be 1*195/3*16. What is the highest common divisor of q and u?
65
Suppose 4*z = -16, 2*s - 17*z = -22*z + 918. What is the greatest common divisor of s and 343?
7
Suppose -107*w - 14*w = -24*w - 18042. Calculate the greatest common divisor of 66 and w.
6
Let u(d) = 286*d**2 + 2*d - 1. Let r be u(1). Let l = r + -37. Calculate the greatest common divisor of l and 20.
10
Let o(x) = 847*x**3 - x**2 + 16*x - 14. Let w be o(1). Let k = -204 - -310. What is the highest common factor of w and k?
106
Let m be (54/5)/(2 + 9/(-5)). Let o = m + 34. What is the highest common divisor of o and 44?
44
Let j = 405 - 836. Let d = 830 + j. What is the greatest common factor of d and 57?
57
Let p be 369/82*(-22)/(-3). Suppose -a + p = 22. Calculate the highest common factor of a and 187.
11
Let y be (0 + 0)/1 + (-12)/(-4). Let s be (-3)/6 - ((-862)/4 - y). Suppose s + 1686 = 7*h. Calculate the greatest common factor of h and 34.
34
Suppose -3*c + c - 2 = 0. Let y be (1 + -2)*c*13. Suppose 4294*v = 4299*v - 15, -199 = -4*g + 3*v. Calculate the greatest common factor of g and y.
13
Let w(q) = 468*q + 5154. Let o be w(-11). Calculate the greatest common divisor of 16746 and o.
6
Let x(k) = -5*k**3 - 13*k**2 + 16*k + 280. Let i be x(-8). Calculate the greatest common factor of i and 24.
8
Suppose 5*p = 3*u + 397 + 179, 0 = p + 2*u - 110. What is the greatest common divisor of 1824 and p?
114
Let x = 229 - 119. Let i = -9 + 7. Let p be 11 - 0*((i - 0) + 3). What is the greatest common factor of x and p?
11
Let r be (-380)/(-30) - (-4 + 77/21). What is the highest common divisor of r and 7670?
13
Let l be (-3 - -2)*187*4/(-4). Let m be (-3)/(5 - 651/132). Let g = m - -61. Calculate the highest common factor of g and l.
17
Let u(c) = c**2 - 45*c - 50. Let i be u(28). Let d = i - -577. Calculate the highest common divisor of 459 and d.
51
Suppose 63*r + 126695 = -56*r + 568780. Calculate the greatest common divisor of 10 and r.
5
Suppose -s = s + 4, -y = 5*s - 160. What is the highest common divisor of y and 610?
10
Suppose -7*u + 16*u = 27. Suppose 10*h = 5*r + 9*h - 210, 5*r - 200 = u*h. What is the greatest common divisor of r and 43?
43
Suppose -11979 = -23*j - 98*j. Calculate the greatest common divisor of 4389 and j.
33
Let d = 8984 - 8981. What is the greatest common factor of 645 and d?
3
Let a(r) = -65*r - 92. Let n be a(-3). Let o = n - 75. What is the greatest common factor of 252 and o?
28
Let o(l) = l**2 - 5*l + 2. Let t be o(3). Let f = 3 + t. Let a(u) = -37*u - 2. Let x be a(f). What is the highest common factor of 7 and x?
7
Suppose 16*k - 94*k = 22*k - 3200. Let i = 14 - 6. What is the highest common factor of k and i?
8
Suppose 31 + 305 = 4*g. Let x be 4592/g + (1 - (-2)/(-3)). Calculate the highest common factor of x and 143.
11
Let v(o) = 26*o + 506. Let x be v(-16). Let n = -4 - -7. Suppose 5*i - f + 3*f = 44, -5*i = n*f - 41. Calculate the greatest common factor of x and i.
10
Let p = 73 - 81. Let l be (p/(-10))/((-3)/(-990)). Suppose -4*n = r - 33, -2*r - 2*r + 2*n + 132 = 0. Calculate the greatest common factor of r and l.
33
Let d = 3753 - 3707. Suppose 3*y - 196 = -2*w, 0*w = -4*w + 5*y + 348. Calculate the greatest common factor of w and d.
46
Suppose -11*m + 288 = -x, 0 = -3*m + 5*x + 5 + 31. Calculate the greatest common factor of m and 306.
9
Let h(y) = 1447*y - 14218. Let p be h(10). What is the highest common factor of p and 576?
36
Suppose 2*h - 5*h = u - 38, -4*h - 4*u = -48. Suppose -3*w = -2*x + 3*x - h, -4*x - 3*w + 70 = 0. What is the greatest common factor of 171 and x?
19
Let u be ((-30)/(-4))/(9/24). Let b be ((-30)/25)/((-9)/840). Let d = 117 - b. What is the highest common factor of u and d?
5
Let w(x) = 6*x**2 - 53*x - 1917. Let n be w(-27). Calculate the greatest common divisor of 32 and n.
16
Suppose 4*h = 8*d - 3*d - 3146, 2*d - 1258 = 2*h. Calculate the greatest common divisor of 720 and d.
90
Suppose -20*w + 3 = -19*w. Suppose -v + 119 = 3*c, 2*v - 129 = -w*c - v. What is the greatest common divisor of 722 and c?
38
Suppose 1817 = 12*a - 295. Let w(q) = q**3 + 25*q**2 + q + 57. Let j be w(-25). What is the highest common divisor of a and j?
16
Let i = 90 + 155. Suppose b = 5*y + 102, -12*b + 5*y + 543 = -8*b. Calculate the greatest common divisor of b and i.
49
Let q = 12 - 0. Suppose 19*n = 5*n + 4396. Let g = -266 + n. Calculate the highest common factor of q and g.
12
Suppose -354 = -12*g + 1482. What is the greatest common factor of g and 144?
9
Suppose 0*u + 2*u - 2*o = 2816, 7094 = 5*u + 4*o. What is the highest common factor of u and 1111?
101
Let o = -767 - -867. Let n = -95 + 43. Let g = o + n. What is the greatest common divisor of g and 72?
24
Suppose -2*b - 4070 = -4*j, 7*j - 5*b - 5095 = 2*j. What is the highest common divisor of 8 and j?
8
Suppose 47*r = 1247 - 1200. Calculate the greatest common factor of 108 and r.
1
Suppose -4*r - 3*f + 237 = 0, 4*f = 13*r - 11*r - 146. Suppose 18 = -4*q + 2, 2*w + 24 = -4*q. Let g = 13 + w. What is the highest common factor of g and r?
9
Suppose 18*p - 17*p + 154 = g, -82 = -g + 10*p. Ca